2*a**2 + 13*a + 22. What is the hundreds digit of r(-28)?
0
What is the units digit of ((-12165)/(-9))/((-10)/(-18))?
3
Suppose 9*n + 21429 = 85941. What is the hundreds digit of n?
1
Let n be ((-88)/(-1)*-3)/((-2)/(-3)). What is the tens digit of 3*5/15 - n?
9
Let j be ((0/6)/(-3))/(3 - 5). Suppose j = -12*s + 743 + 2437. What is the units digit of s?
5
Suppose -41181 = -2*t + 3*l, t - 28*l + 33*l = 20636. What is the ten thousands digit of t?
2
Suppose 0 = 5*z + 2*j - 90451, 0 = 4*z + 5*j - 77515 + 5144. What is the units digit of z?
9
Suppose -4*d + 29*d - 48888 - 66312 = 0. What is the hundreds digit of d?
6
Suppose -3*j + 46801 = -2*u, -4*u - 35889 = -4*j + 26515. What is the tens digit of j?
9
Let z(k) = 2*k**3 + 21*k**2 + 10*k + 3. Let i be z(-10). Suppose -3*q + 258 = -i*m, 2*m + 368 - 114 = 3*q. What is the units digit of q?
2
What is the thousands digit of 33/(-77) - ((-100103)/7 + 2 + -2)?
4
Let k = -1805 - -884. Let r = k - -1513. What is the tens digit of r?
9
Let t = -22 - -113. Suppose 2*b = c + 33, -18 = 93*b - 94*b + c. Let m = t + b. What is the hundreds digit of m?
1
Let k be (-14)/3 - (-4)/6. What is the units digit of 4*(2 + k) - -837?
9
Let p(f) = f**3 + 17*f**2 - 18*f + 5. Let w be (-4)/(-8)*(-72)/2. Let m be p(w). Let n(l) = 10*l + 37. What is the units digit of n(m)?
7
Let q be (2 + 1)/(0 + -3). Let c be 6730/10 - q/(1/2). Suppose 7*v + 73 = c. What is the units digit of v?
6
Suppose 0 = -f - 4*f + 9*h + 67408, 4*f + 2*h - 53954 = 0. What is the thousands digit of f?
3
Let i(n) = -2*n**3 - 76*n**2 - 8*n - 113. What is the units digit of i(-40)?
7
Suppose n - 273 = 4*o, -2*n + 432 - 87 = -5*o. Let m be (70/4)/(12/(-24)). Let x = m - o. What is the units digit of x?
2
Suppose 0 = 5*l + 4*h - 42526, -38*h + 4 = -37*h. What is the thousands digit of l?
8
Let j(k) = -352*k + 197. Let w be j(-26). Suppose -8*v + 171 = -w. What is the tens digit of v?
9
Let r(y) = 948*y - 1009. What is the tens digit of r(5)?
3
Let s = 205150 + -126349. What is the hundreds digit of s?
8
Let b(s) = -12*s + 22. Let h be b(-6). Let r = h + -90. Let y(v) = 17*v + 1. What is the tens digit of y(r)?
6
Let d(w) = -14936*w + 2319. What is the thousands digit of d(-2)?
2
Suppose -76*d + 68*d + 24 = 0. Suppose 6*n - 4*n - 864 = -2*m, 1728 = 4*m - d*n. What is the tens digit of m?
3
Suppose -14*v + 5162 = -9*v + c, 2*v + c = 2063. Let b = v + -611. What is the units digit of b?
2
What is the tens digit of (-1 - 9945/10)*((-12)/(-4) - 13)?
5
Let x = 3644 - 6261. Let l = x - -3926. Suppose -4*r + l = 369. What is the tens digit of r?
3
Suppose -9*u = -13799 - 28197 - 1969. What is the hundreds digit of u?
8
Suppose -4*n = 5 - 17. What is the hundreds digit of (1 + n - 8) + 447?
4
Let f be ((-5)/(15/2))/((-10)/195). Suppose -3*c + f + 164 = 0. Let y = c + -21. What is the tens digit of y?
3
What is the hundreds digit of -3 - (15920/(-24))/(10/15)?
9
Suppose -8*r = 1 - 57. Suppose -7660 = -5*d - 5*j, 0 = 2*d - 4*j + r*j - 3060. What is the units digit of d?
6
Let x(l) = 54*l**2 - 244*l - 9. What is the units digit of x(9)?
9
Let d = -29 - -40. Suppose -d*c + 120 = -5*c. Suppose 3*w = 7*w + g - 28, 4*w + 3*g = c. What is the units digit of w?
8
Let q be 1 + -9 - 5/((-15)/(-9)). Let x = q - -13. Suppose 4*r - 586 = -x*s, 245 + 202 = 3*r + 4*s. What is the hundreds digit of r?
1
Let i(m) = m**3 - 4*m**2 + 8*m - 7. Let l = 7 + 18. Suppose -7*n + 2*n = -l. What is the tens digit of i(n)?
5
Let q be 12/9 + 3692/12. Let o = -93 + q. What is the hundreds digit of o?
2
Let a = -8 + 17. Suppose 7 = 4*s - a. Suppose 5*h = -3*j + 2*h + 231, -2*j + s*h + 154 = 0. What is the tens digit of j?
7
Let v = 562 + -1912. Let s = v - -2992. What is the units digit of s?
2
Let o = 67 - 132. Let g = o + 61. What is the tens digit of 47*(2/2 + g + 4)?
4
What is the hundreds digit of -4 - (76/20 + -8) - (-73344)/5?
6
Suppose -10*k + 15*k = 4*u + 44682, 44661 = 5*k + 3*u. What is the thousands digit of k?
8
Let w be (18 - -10)*(-17)/4. Let s be w/(-21) + (-6)/9. Suppose 0 = s*p - 247 - 53. What is the units digit of p?
0
Let z be (-2)/5 - (-51)/15. Suppose -z*n + 0*x - 13 = 2*x, 3*x = -6. What is the hundreds digit of ((-8)/n)/((-1)/(-39))?
1
Suppose 0 = -2*r + 2*f + 39300, 67*f - 64*f = 4*r - 78601. What is the tens digit of r?
5
Let y(p) = p**3 - 23*p**2 - 31*p - 11. Let g be y(24). Let z = 323 + g. Suppose -z = 4*d - 724. What is the units digit of d?
5
Suppose 4*t - 38032 = -4*w, 18974 = 6*t - 4*t - 4*w. What is the thousands digit of t?
9
Let k = 19860 + 8027. What is the hundreds digit of k?
8
Suppose -13784 - 938 = -17*q. Suppose -1369 - q = -15*o. What is the tens digit of o?
4
Let j = 25 + -23. Suppose 5*a - 3*a = -3*i + 16, 4*i - j*a = -2. Suppose i*c + 2*x = 292, 5*x = x - 12. What is the units digit of c?
9
Suppose 44*s + 2787112 = 187*s - 566953. What is the tens digit of s?
5
Let p = -422 - -427. Suppose p*r - 2*j = 2540, r + 4*r + j = 2525. What is the tens digit of r?
0
Let p = 13520 - -38848. What is the ten thousands digit of p?
5
Let u = -2640 - -6085. What is the thousands digit of u?
3
Suppose 8*o = -52*o - o + 121390. What is the tens digit of o?
9
Suppose -263*w - 593*w + 42385696 = 0. What is the tens digit of w?
1
What is the units digit of (-54)/(-30) - 1069833/(-15)?
4
Suppose -57*n + 59236 + 23260 = 1157. What is the thousands digit of n?
1
Let y(k) = 10*k**3 - k**2 - k + 2. Suppose 4*q - 4*n = -340, 2*n = 3*n + 1. Let m = q - -88. What is the tens digit of y(m)?
7
Let y be (-70)/50*-5 + 93. Let f = -631 + 883. Let s = f - y. What is the tens digit of s?
5
Let x(y) be the second derivative of y**4 - 6*y**3 + 29*y**2/2 + 39*y. What is the tens digit of x(10)?
6
Suppose 2*g = g + 3. Suppose 0 = 51*i - 48*i + 3*k - 3315, 5*k - 3323 = -g*i. What is the tens digit of i?
0
Suppose 3*z - 2 - 7 = 0. Let c(p) be the third derivative of p**4/3 + p**3/3 - 580*p**2. What is the tens digit of c(z)?
2
Suppose 14*z - 8*z = 18. Suppose 0 = 3*o - 0*o + d - 214, -z*o + 2*d + 211 = 0. Suppose f + o - 217 = 0. What is the units digit of f?
6
Let n(k) = 9*k**2 - 2*k - 1 - 12*k**2 + 13*k**2 - 2. Let v(p) = -31*p**2 + 7*p + 9. Let o(x) = 14*n(x) + 4*v(x). What is the units digit of o(3)?
8
Suppose 0 = 3*t + 23 - 11. Let o be (2/12*t)/(8/(-12)). What is the tens digit of (o/(-3) - -1) + (-130)/(-3)?
4
What is the thousands digit of 1/((30/(-33340))/(-4 + -2))?
6
Let o(y) = -277*y + 1150. What is the units digit of o(-14)?
8
Let v(j) = j**3 + j**2 + j + 518. Let h be v(0). Let q = h - 217. What is the hundreds digit of q?
3
Let d(m) = 191*m - 14. Let f be (-6)/8*(20 - 24). What is the units digit of d(f)?
9
Let y(s) = -107*s - 9644. What is the units digit of y(-109)?
9
Let u be ((-357)/(-35))/((-3)/(-1350)). Suppose 5*d + 120 - u = -4*a, -4*a + 5*d + 4450 = 0. What is the units digit of a?
5
Suppose 0*v - 4 = 2*v. Let q(z) be the second derivative of -9*z**3 + 31*z. What is the hundreds digit of q(v)?
1
Suppose -4*l - 5*l = -54. What is the tens digit of 35/15*4 + 4/l?
1
Suppose 177106 = 4*u + 4*u - 218670. What is the tens digit of u?
7
Suppose -v + 7 - 13 = 0. Let w be -1 - (-1078)/v - 2/(-3). What is the tens digit of (w/8 + 5)*-6?
0
Let o = -74 + 74. Suppose i = 2*g - 5*g - 283, -5*g - 5*i - 465 = o. Let k = -61 - g. What is the tens digit of k?
3
Let w(t) = t**3 - 4*t**2 - 27*t - 10. Let k(a) = a**2 + 6*a + 17. Let f be k(-4). What is the units digit of w(f)?
2
Let u(i) = 142*i + 363. What is the units digit of u(-2)?
9
Suppose 26*p - 230425 = 139895 - 56084. What is the ten thousands digit of p?
1
Suppose -281520 = -13*v - 125*v - 92*v. What is the hundreds digit of v?
2
Let l(t) = t**2 + t - 1. Let z(q) = 23*q**3 - 7*q**2 - 8*q + 5. Let a(w) = -3*l(w) - z(w). Let h be a(-3). Let x = 898 - h. What is the hundreds digit of x?
2
Suppose 3*z = 12, 5*z = 7*m - 8*m + 5. Let j(x) = -28*x + 36. What is the units digit of j(m)?
6
Let s = 905 + -388. Suppose 2*l - s = -2*t - t, -l + 5 = 0. Let m = t - 21. What is the tens digit of m?
4
What is the thousands digit of 179341/57*((-11)/(-2) - 4)*2?
9
Let z(c) = 4*c**2 - 49*c + 94. Let v be z(22). Suppose 2*t = -5*n + v, 3*t + 4*n - 496 = 946. What is the units digit of t?
6
Let c be 38 - (-5)/50*-5*-2. Suppose c*k - 2904 = 31*k.